{"id":260,"date":"2015-04-09T10:46:56","date_gmt":"2015-04-09T10:46:56","guid":{"rendered":"http:\/\/maquinaria-para-la-madera.com\/tobe\/?page_id=65"},"modified":"2024-04-19T10:42:24","modified_gmt":"2024-04-19T10:42:24","slug":"spraying-nozzles-type-tg","status":"publish","type":"page","link":"http:\/\/tobesl.com\/eng\/spraying-nozzles-type-tg\/","title":{"rendered":"Boquillas de aspersi\u00f3n TIPO TG"},"content":{"rendered":"<p>[et_pb_section fb_built=&#8221;1&#8243; fullwidth=&#8221;on&#8221; _builder_version=&#8221;4.24.3&#8243; background_color=&#8221;#ffffff&#8221; background_image=&#8221;https:\/\/tobesl.com\/eng\/wp-content\/uploads\/2015\/06\/agua2.jpg&#8221; hover_enabled=&#8221;0&#8243; transparent_background=&#8221;off&#8221; global_colors_info=&#8221;{}&#8221; custom_margin=&#8221;30px||||false|false&#8221; sticky_enabled=&#8221;0&#8243;][et_pb_fullwidth_menu menu_id=&#8221;5&#8243; admin_label=&#8221;Fullwidth Menu&#8221; _builder_version=&#8221;4.16&#8243; background_color=&#8221;#0047b3&#8243; text_orientation=&#8221;center&#8221; background_layout=&#8221;dark&#8221; global_colors_info=&#8221;{}&#8221;][\/et_pb_fullwidth_menu][et_pb_fullwidth_header title=&#8221;SPRAYING NOZZLES TYPE TG&#8221; content_max_width=&#8221;none&#8221; admin_label=&#8221;Fullwidth Header&#8221; _builder_version=&#8221;4.16&#8243; background_color=&#8221;rgba(255, 255, 255, 0)&#8221; background_layout=&#8221;light&#8221; global_colors_info=&#8221;{}&#8221; button_one_text_size__hover_enabled=&#8221;off&#8221; button_two_text_size__hover_enabled=&#8221;off&#8221; button_one_text_color__hover_enabled=&#8221;off&#8221; button_two_text_color__hover_enabled=&#8221;off&#8221; button_one_border_width__hover_enabled=&#8221;off&#8221; button_two_border_width__hover_enabled=&#8221;off&#8221; button_one_border_color__hover_enabled=&#8221;off&#8221; button_two_border_color__hover_enabled=&#8221;off&#8221; button_one_border_radius__hover_enabled=&#8221;off&#8221; button_two_border_radius__hover_enabled=&#8221;off&#8221; button_one_letter_spacing__hover_enabled=&#8221;off&#8221; button_two_letter_spacing__hover_enabled=&#8221;off&#8221; button_one_bg_color__hover_enabled=&#8221;off&#8221; button_two_bg_color__hover_enabled=&#8221;off&#8221;][\/et_pb_fullwidth_header][\/et_pb_section][et_pb_section fb_built=&#8221;1&#8243; _builder_version=&#8221;4.16&#8243; global_colors_info=&#8221;{}&#8221;][et_pb_row _builder_version=&#8221;4.16&#8243; background_size=&#8221;initial&#8221; background_position=&#8221;top_left&#8221; background_repeat=&#8221;repeat&#8221; global_colors_info=&#8221;{}&#8221;][et_pb_column type=&#8221;4_4&#8243; _builder_version=&#8221;4.16&#8243; custom_padding=&#8221;|||&#8221; global_colors_info=&#8221;{}&#8221; custom_padding__hover=&#8221;|||&#8221;][et_pb_text admin_label=&#8221;Text&#8221; _builder_version=&#8221;4.16&#8243; background_size=&#8221;initial&#8221; background_position=&#8221;top_left&#8221; background_repeat=&#8221;repeat&#8221; global_colors_info=&#8221;{}&#8221;]<\/p>\n<h2><strong>Full eones nozzles for systems of refrigerations, washing and water curtain usage.<\/strong><img loading=\"lazy\" decoding=\"async\" class=\"alignnone wp-image-33\" src=\"https:\/\/tobesl.com\/eng\/wp-content\/uploads\/2015\/03\/barrita-300x1.jpg\" alt=\"barrita\" width=\"1200\" height=\"3\" data-id=\"33\" \/><\/h2>\n<p>[ezcol_1third]<img loading=\"lazy\" decoding=\"async\" class=\" alignleft wp-image-66\" src=\"https:\/\/tobesl.com\/eng\/wp-content\/uploads\/2015\/04\/TIPO-TG-FOTO-1-300x159.jpg\" alt=\"TIPO-TG-FOTO-1\" width=\"351\" height=\"186\" data-id=\"66\" \/>[\/ezcol_1third] [ezcol_2third_end]<big>Usage: In the process of washing, turning off and refrigeration of the cake, washing and refrigeration of gas and the elimination of the air to scatter foam. For the request of adapted products, the following specifications are needed:<br \/>\n\u2022 Material<br \/>\n\u2022 Pulverization angle<br \/>\n\u2022 Kind of nozzle<br \/>\n\u2022 Ring<br \/>\n\u2022 Flow (I\/min or I\/h)<br \/>\n\u2022 Work pressure<br \/>\nThe nominal flow is pulverizating water in normal canditions in an aerial way.<\/big><\/p>\n<p>&nbsp;<\/p>\n<p><strong><a href=\"https:\/\/tobesl.com\/eng\/wp-content\/uploads\/2015\/04\/TYPE-TG.pdf\" target=\"_blank\" rel=\"noopener\">DOWNLOAD PDF FOR IMPRESSION<\/a><\/strong>[\/ezcol_2third_end]<\/p>\n<div style=\"float: left; width: 380px;\"><\/div>\n<div style=\"float: left; width: 380px; text-align: right;\"><\/div>\n<p>&nbsp;<\/p>\n<div style=\"float: right; width: 380px; text-align: right;\"><\/div>\n<p><img loading=\"lazy\" decoding=\"async\" class=\"aligncenter wp-image-519 size-full\" src=\"https:\/\/tobesl.com\/eng\/wp-content\/uploads\/2015\/04\/tg2.jpg\" alt=\"\" width=\"989\" height=\"440\" data-id=\"90\" srcset=\"http:\/\/tobesl.com\/eng\/wp-content\/uploads\/2015\/04\/tg2.jpg 989w, http:\/\/tobesl.com\/eng\/wp-content\/uploads\/2015\/04\/tg2-300x133.jpg 300w\" sizes=\"(max-width: 989px) 100vw, 989px\" \/><br \/>\n[\/et_pb_text][\/et_pb_column][\/et_pb_row][\/et_pb_section]<\/p>\n","protected":false},"excerpt":{"rendered":"<p>Full eones nozzles for systems of refrigerations, washing and water curtain usage. [ezcol_1third][\/ezcol_1third] [ezcol_2third_end]Usage: In the process of washing, turning off and refrigeration of the cake, washing and refrigeration of gas and the elimination of the air to scatter foam. For the request of adapted products, the following specifications are needed: \u2022 Material \u2022 Pulverization [&hellip;]<\/p>\n","protected":false},"author":4,"featured_media":0,"parent":0,"menu_order":0,"comment_status":"closed","ping_status":"closed","template":"","meta":{"_et_pb_use_builder":"on","_et_pb_old_content":"<h2>Boquilla de aspersi\u00f3n de cono lleno, de uso en sistemas de colada continua.<a href=\"http:\/\/maquinaria-para-la-madera.com\/tobe1\/wp-content\/uploads\/2015\/03\/barrita.jpg\"><img class=\"alignnone  wp-image-33\" src=\"http:\/\/maquinaria-para-la-madera.com\/tobe1\/wp-content\/uploads\/2015\/03\/barrita-300x1.jpg\" alt=\"barrita\" width=\"1200\" height=\"3\" data-id=\"33\" \/><\/a><\/h2><p><a href=\"http:\/\/maquinaria-para-la-madera.com\/tobe1\/wp-content\/uploads\/2015\/04\/TIPO-TG-FOTO-1.jpg\"><img class=\"  wp-image-66 alignleft\" src=\"http:\/\/maquinaria-para-la-madera.com\/tobe1\/wp-content\/uploads\/2015\/04\/TIPO-TG-FOTO-1-300x159.jpg\" alt=\"TIPO-TG-FOTO-1\" width=\"351\" height=\"186\" data-id=\"66\" \/><\/a>La referencia se compone de 2 n\u00fameros: el primero es 10 veces el caudal a presi\u00f3n est\u00e1ndar (2,8 bar), y el segundo es el \u00e1ngulo de aspersi\u00f3n.<br \/> Para solicitar productos adaptados a las necesidades del cliente necesitamos saber las especificaciones de la boquilla:<br \/> \u2022 Material<br \/> \u2022 \u00c1ngulo de pulverizaci\u00f3n<br \/> \u2022 Tipo de boquilla<br \/> \u2022 Rosca<br \/> \u2022 Caudal (I\/min o I\/h)<br \/> \u2022 Presi\u00f3n de trabajo<\/p><p><a href=\"http:\/\/maquinaria-para-la-madera.com\/tobe1\/wp-content\/uploads\/2015\/04\/tipo-tg-foto-222.jpg\"><img class=\"alignnone wp-image-96 size-full\" src=\"http:\/\/maquinaria-para-la-madera.com\/tobe1\/wp-content\/uploads\/2015\/04\/tipo-tg-foto-222.jpg\" alt=\"tipo-tg-foto-222\" width=\"1366\" height=\"253\" data-id=\"96\" \/><\/a><\/p><div style=\"float: left; width: 380px;\">\u00a0<\/div><div style=\"float: left; width: 380px; text-align: right;\">\u00a0<\/div><p>\u00a0<\/p><div style=\"float: right; width: 380px; text-align: right;\">\u00a0<\/div><p><a href=\"http:\/\/maquinaria-para-la-madera.com\/tobe1\/wp-content\/uploads\/2015\/04\/TIPO-TG-FOTO-3.jpg\"><img class=\" wp-image-90 size-full aligncenter\" src=\"http:\/\/maquinaria-para-la-madera.com\/tobe1\/wp-content\/uploads\/2015\/04\/TIPO-TG-FOTO-3.jpg\" alt=\"TIPO-TG-FOTO-3\" width=\"362\" height=\"157\" data-id=\"90\" \/><\/a><\/p>","_et_gb_content_width":"","footnotes":""},"class_list":["post-260","page","type-page","status-publish","hentry"],"_links":{"self":[{"href":"http:\/\/tobesl.com\/eng\/wp-json\/wp\/v2\/pages\/260","targetHints":{"allow":["GET"]}}],"collection":[{"href":"http:\/\/tobesl.com\/eng\/wp-json\/wp\/v2\/pages"}],"about":[{"href":"http:\/\/tobesl.com\/eng\/wp-json\/wp\/v2\/types\/page"}],"author":[{"embeddable":true,"href":"http:\/\/tobesl.com\/eng\/wp-json\/wp\/v2\/users\/4"}],"replies":[{"embeddable":true,"href":"http:\/\/tobesl.com\/eng\/wp-json\/wp\/v2\/comments?post=260"}],"version-history":[{"count":5,"href":"http:\/\/tobesl.com\/eng\/wp-json\/wp\/v2\/pages\/260\/revisions"}],"predecessor-version":[{"id":792,"href":"http:\/\/tobesl.com\/eng\/wp-json\/wp\/v2\/pages\/260\/revisions\/792"}],"wp:attachment":[{"href":"http:\/\/tobesl.com\/eng\/wp-json\/wp\/v2\/media?parent=260"}],"curies":[{"name":"wp","href":"https:\/\/api.w.org\/{rel}","templated":true}]}}